/(-3))/(22/396) + 506. What is the greatest common factor of z and 20?
20
Let z(q) = -2*q - 12 + 9 - 5*q + q**2. Let w be z(10). What is the highest common divisor of w and 135?
27
Let i(r) = 2*r**2 + 2*r. Let p be i(7). Let s be (-99 - -2 - -4)/(-3). Suppose 45 - s = z. What is the greatest common divisor of p and z?
14
Let v = 7 + 2. Suppose -87 = 2*x - 3*x. Suppose -x = 7*p - 654. What is the highest common factor of v and p?
9
Let r = -35 - -19. Let n = 21 + r. Suppose n = 3*x - 7. Calculate the highest common factor of 20 and x.
4
Let g(w) = 13*w**2 + 4*w - 3. Let v be g(3). Suppose 0 = -2*u - 3*u + 5*j + 95, -6*j = u + 16. What is the highest common factor of v and u?
14
Suppose -3*r + q + 82 = -q, 5*q = -10. Let u = r - 13. Let p be -2 + u - 3/3. Calculate the greatest common divisor of p and 10.
10
Suppose 0 = -19*w - 16*w + 350. What is the greatest common divisor of 2 and w?
2
Let p be -22 - -119 - ((-4)/(-2))/1. Calculate the greatest common factor of 114 and p.
19
Suppose 13*a + 285 = 18*a - 5*m, 2*a + 2*m - 130 = 0. What is the highest common factor of a and 488?
61
Let m(l) = -2*l**2 - 11*l - 4. Let h be m(-2). Calculate the greatest common factor of 18 and h.
2
Let b(w) = w**3 - 13*w**2 + 9*w + 48. Let i be b(12). Calculate the highest common divisor of 492 and i.
12
Suppose -4*w - 25 + 209 = 0. What is the highest common divisor of 368 and w?
46
Suppose 5*w = -2*h + 4, 5*h - 4*w - 37 - 6 = 0. Suppose 4*k = 17 + h. Let u be 16/k + (-2)/(-6). What is the greatest common divisor of u and 9?
3
Let s(y) = -y + 2. Let i be s(5). Let m be (2/(-4))/(i/6). Let w be (110/25)/(m/5). What is the greatest common divisor of w and 55?
11
Suppose 123 = 4*n - 77. Suppose n = -2*p - 4*q, -5*p + 0*q = -q + 70. Let w be (1/(-3))/(p/225). Calculate the highest common factor of w and 55.
5
Let s = 212 + -127. Suppose 4*b + 366 = 10*b. Suppose 0 = -b*f + 67*f - 204. What is the greatest common divisor of f and s?
17
Suppose -16*a = -25*a + 144. Calculate the highest common divisor of a and 40.
8
Let w = 2571 + -2562. Calculate the greatest common divisor of 1 and w.
1
Let j = -1253 + 1268. What is the highest common factor of 15 and j?
15
Suppose 3*y = 2*r - 2 + 15, -2*y = 5*r + 23. What is the highest common divisor of 61 and y?
1
Suppose 10*t - 7*t = 0. Suppose n - 24 - 62 = t. What is the highest common factor of n and 215?
43
Suppose 5*f + q - 62 = 0, -3*f - 5*q + 65 = 19. Suppose -4 = -4*d + f. Suppose -d*c + 0*c = -224. What is the highest common factor of 140 and c?
28
Suppose -5*g = 2*r - 124, -5*g + 41 = 5*r - 89. What is the greatest common divisor of 3 and g?
3
Let w(k) = -2*k**2 - 2 - 3*k - 2*k + 3*k**2 - 4*k. Let p be w(-9). What is the greatest common divisor of p and 64?
32
Let k(w) = -w**3 + w**2 + 11*w + 4. Let a be k(-7). What is the greatest common factor of a and 11?
11
Let g(c) be the third derivative of c**5/60 + 7*c**4/24 + 7*c**3/6 + 5*c**2. Let o be g(-7). What is the greatest common factor of o and 63?
7
Suppose -z + 3*z = -4*i + 120, -i = 5. Let w = z + -24. Calculate the highest common factor of w and 23.
23
Suppose -8 = -3*q + 109. Suppose -x + 201 = -2*c, -c = 5*x + 2*c - 966. Calculate the greatest common divisor of q and x.
39
Let r(y) = -y**3 - 6*y**2 - 36*y - 200. Let p be r(-10). What is the highest common factor of 1260 and p?
140
Suppose 157*u - 170 = 156*u - 3*d, -2*u = -3*d - 376. Calculate the highest common divisor of u and 14.
14
Let n be 0 + 147/1 - 3. Suppose -5*i + 3*j + n = -3*i, 176 = 2*i + 5*j. What is the highest common factor of i and 26?
26
Let w = -9 + 6. Let l = w + 13. Let o(z) = -z**3 + 11*z**2 - 4*z + 3. Let n be o(l). What is the greatest common factor of n and 7?
7
Let h = 608 + -602. What is the highest common factor of h and 9?
3
Let p = 814 - 803. Suppose -2*q - 4*f + 172 = 0, 0 = 5*q + f - 152 - 287. Calculate the greatest common divisor of q and p.
11
Let s(y) = y**2 + 6*y + 7. Let u be s(7). Let z(n) = 17*n + 11. Let o be z(1). What is the highest common factor of o and u?
14
Let j = 1024 + -956. Calculate the greatest common factor of j and 4.
4
Suppose -d + 173 = -91. Suppose 3*z - 216 = -3*i, 0 = -2*z - 2*z + 2*i + d. Let g = -47 + z. What is the greatest common divisor of 84 and g?
21
Suppose -9292 = -31*d + 5464. Calculate the greatest common divisor of d and 56.
28
Let v = 32 + 76. Let g(l) = 2*l**2 + 2*l - 28. Let d be g(-5). What is the highest common divisor of d and v?
12
Let z = 36 + -24. Calculate the highest common divisor of z and 138.
6
Suppose -a = -3*g + 51, g - 2*a - 19 = -a. Let x = 214 - 213. Let f be ((-90)/10 + 8)/(x/(-2)). Calculate the highest common factor of f and g.
2
Suppose o - 6 = -4. Suppose 2*v + 2 = 4*w, o*v - 43 = -0*v - 5*w. What is the greatest common divisor of 18 and v?
9
Suppose 5*v - 71 = -2*g, 15*v - 17*v = -6*g - 42. Suppose -93 = -3*k + 12. What is the greatest common divisor of k and v?
5
Suppose -4*n = -4*p + 24, 3*n = -12 + 3. Let q be 6*p*(-14)/(-28). What is the greatest common divisor of q and 99?
9
Let w be 1/5*3117 + 60/100. What is the highest common factor of w and 48?
48
Let d(x) = -6 + 8*x + 29 - 4 - 14. Let w be d(1). What is the highest common divisor of w and 52?
13
Let m = 63 + -37. What is the greatest common factor of m and 52?
26
Let o = 141 + -99. Let n be (-4)/o*-3 + 2346/119. Calculate the greatest common divisor of 50 and n.
10
Suppose 5*l + 331 = 2*b, 134 = 2*b + 4*l - 206. What is the greatest common divisor of 126 and b?
42
Suppose 0 = -4*h + 29 + 171. What is the greatest common factor of 200 and h?
50
Suppose -2*u + 3*u - 65 = 0. Suppose q + j = -0*q + 35, 0 = 2*q + 3*j - u. Let z = -376 - -381. Calculate the greatest common factor of z and q.
5
Let z = -21 + 40. Let t = z + -14. Suppose -16 = 4*r + t*f - 42, 5*r + f = 22. Calculate the greatest common factor of 1 and r.
1
Suppose 0 = -148*a + 158*a - 1280. What is the highest common factor of a and 832?
64
Let d(m) = m**3 + 17*m**2 + 30*m + 25. Let t be d(-15). Let o be (8 + -3)/(2/90). What is the highest common factor of t and o?
25
Let y = -39 - -35. Let w be 154/4 + 0 - (-6)/y. What is the highest common factor of w and 37?
37
Let b(r) = r**3 + 21*r**2 + 33*r - 17. Let o be b(-19). Calculate the greatest common divisor of o and 18.
6
Let j(z) = z + 27. Let m be j(-11). What is the greatest common divisor of 16 and m?
16
Let x = -319 + 1984. What is the highest common factor of 222 and x?
111
Suppose -13*f + 2*f = 33. Let s be 3 + 0 - 81/f. Calculate the highest common factor of 60 and s.
30
Suppose 0 = 2*i - 7*i + 15. Suppose 18 = v + x, -2*v + 2*x + 2*x + 6 = 0. Suppose -i*q + 22 = v. Calculate the highest common divisor of q and 24.
3
Suppose 3*b = -3, 5*j - 11 = -0*j - 4*b. Let z be -4*(-10)/(-48)*j*-4. What is the greatest common factor of z and 30?
10
Let p be (-30 - 4)*-1*(-6)/(-2). Calculate the highest common divisor of p and 68.
34
Let j be 1/2*24/4. Suppose d = l - 5 + 1, 0 = -2*d + j*l - 6. Let n be (d/(-4))/((-57)/(-1292)). What is the highest common factor of 34 and n?
34
Let h = 20 + -27. Let r(u) = u**2 + 2*u - 10. Let k be r(h). Calculate the highest common factor of k and 200.
25
Let g be (-2)/(-7) + 141*7/147. Let w be 194/7 - (-2)/g. Let j(n) = 4*n**3 + 3*n**2 - 2. Let a be j(2). Calculate the highest common divisor of a and w.
14
Let m(s) = -s - 1. Let f(w) = -6*w - 3. Let a(d) = f(d) - 3*m(d). Let i be a(-7). Suppose -2*o = -o - 105. Calculate the greatest common divisor of o and i.
21
Suppose 17*u = 11*u + 180. Calculate the highest common divisor of 165 and u.
15
Let p(h) = -h + 2. Let w be p(-7). Let y = 1769 - 1757. Calculate the highest common divisor of w and y.
3
Suppose 0 = v - f - 7, -f = 4*v - 2*f - 22. What is the greatest common divisor of 35 and v?
5
Let u = -2062 + 2329. Calculate the highest common divisor of u and 623.
89
Suppose i = -3*b + 1386, 3*b - 4*i + 210 - 1611 = 0. What is the greatest common divisor of 1 and b?
1
Suppose -2*m + 23 + 107 = -2*u, -4*m = u - 260. What is the highest common factor of 845 and m?
65
Let u be ((-2)/2)/((-2)/10). Suppose -65 = -5*d + 3*x, -3*d = -8*d + u*x + 75. Calculate the greatest common factor of d and 25.
5
Let o(m) = 2*m**2 + 19*m + 7. Let y be o(-9). Let s = 8 + y. Let d(f) = -f